{"version":"1.0","provider_name":"Red House Company","provider_url":"https:\/\/veniceredhouse.com\/it\/","author_name":"marco malafante","author_url":"https:\/\/veniceredhouse.com\/it\/author\/marco-malafante\/","title":"La Festa della Sensa: il giorno in cui Venezia sposa il mare - Red House Company","type":"rich","width":600,"height":338,"html":"<blockquote class=\"wp-embedded-content\" data-secret=\"4WbvcVGygm\"><a href=\"https:\/\/veniceredhouse.com\/it\/la-festa-della-sensa\/\">La Festa della Sensa: il giorno in cui Venezia sposa il mare<\/a><\/blockquote><iframe sandbox=\"allow-scripts\" security=\"restricted\" src=\"https:\/\/veniceredhouse.com\/it\/la-festa-della-sensa\/embed\/#?secret=4WbvcVGygm\" width=\"600\" height=\"338\" title=\"&#8220;La Festa della Sensa: il giorno in cui Venezia sposa il mare&#8221; &#8212; Red House Company\" data-secret=\"4WbvcVGygm\" frameborder=\"0\" marginwidth=\"0\" marginheight=\"0\" scrolling=\"no\" class=\"wp-embedded-content\"><\/iframe><script type=\"text\/javascript\">\n\/* <![CDATA[ *\/\n\/*! This file is auto-generated *\/\n!function(d,l){\"use strict\";l.querySelector&&d.addEventListener&&\"undefined\"!=typeof URL&&(d.wp=d.wp||{},d.wp.receiveEmbedMessage||(d.wp.receiveEmbedMessage=function(e){var t=e.data;if((t||t.secret||t.message||t.value)&&!\/[^a-zA-Z0-9]\/.test(t.secret)){for(var s,r,n,a=l.querySelectorAll('iframe[data-secret=\"'+t.secret+'\"]'),o=l.querySelectorAll('blockquote[data-secret=\"'+t.secret+'\"]'),c=new RegExp(\"^https?:$\",\"i\"),i=0;i<o.length;i++)o[i].style.display=\"none\";for(i=0;i<a.length;i++)s=a[i],e.source===s.contentWindow&&(s.removeAttribute(\"style\"),\"height\"===t.message?(1e3<(r=parseInt(t.value,10))?r=1e3:~~r<200&&(r=200),s.height=r):\"link\"===t.message&&(r=new URL(s.getAttribute(\"src\")),n=new URL(t.value),c.test(n.protocol))&&n.host===r.host&&l.activeElement===s&&(d.top.location.href=t.value))}},d.addEventListener(\"message\",d.wp.receiveEmbedMessage,!1),l.addEventListener(\"DOMContentLoaded\",function(){for(var e,t,s=l.querySelectorAll(\"iframe.wp-embedded-content\"),r=0;r<s.length;r++)(t=(e=s[r]).getAttribute(\"data-secret\"))||(t=Math.random().toString(36).substring(2,12),e.src+=\"#?secret=\"+t,e.setAttribute(\"data-secret\",t)),e.contentWindow.postMessage({message:\"ready\",secret:t},\"*\")},!1)))}(window,document);\n\/* ]]> *\/\n<\/script>\n","thumbnail_url":"https:\/\/veniceredhouse.com\/wp-content\/uploads\/2025\/05\/Festa_della_sensa.jpg","thumbnail_width":2048,"thumbnail_height":1362,"description":"Ogni citt\u00e0 ha la sua festa. Ma a Venezia, le feste non sono solo tradizioni: sono memorie vive, rituali che continuano a parlare al presente.Tra queste, la Festa della Sensa \u00e8 forse la pi\u00f9 simbolica, la pi\u00f9 profondamente veneziana. Non solo perch\u00e9 si celebra sull\u2019acqua, ma perch\u00e9 rievoca ci\u00f2 che pi\u00f9 di ogni altra cosa [&hellip;]"}

Ogni città ha la sua festa. Ma a Venezia, le feste non sono solo tradizioni: sono memorie vive, rituali che continuano a parlare al presente.Tra queste, la Festa della Sensa è forse la più simbolica, la più profondamente veneziana. Non solo perché si celebra sull’acqua, ma perché rievoca ciò che più di ogni altra cosa [&hellip;]
